 3, 5, 32237
List the prime factors of 125882924.
2, 5573, 5647
What are the prime factors of 184036393?
3541, 51973
What are the prime factors of 1077324822?
2, 3, 7, 8550197
List the prime factors of 668785458.
2, 3, 11, 769, 13177
List the prime factors of 1254853679.
1254853679
List the prime factors of 448743416.
2, 11, 5099357
List the prime factors of 1511010211.
109, 251, 55229
What are the prime factors of 40579557?
3, 367, 36857
List the prime factors of 1076237648.
2, 37, 1817969
What are the prime factors of 3136961944?
2, 173, 2266591
List the prime factors of 110599654.
2, 11, 17, 113, 2617
What are the prime factors of 642911489?
11, 199, 293701
List the prime factors of 252108530.
2, 5, 19, 1326887
List the prime factors of 52107219.
3, 214433
List the prime factors of 939575942.
2, 469787971
What are the prime factors of 4164029635?
5, 563, 1479229
List the prime factors of 567655655.
5, 7, 16218733
List the prime factors of 245167742.
2, 7757, 15803
What are the prime factors of 44617347?
3, 4957483
What are the prime factors of 316899320?
2, 5, 7922483
List the prime factors of 380400786.
2, 3, 19, 83, 1489
List the prime factors of 101491806.
2, 3, 13, 19, 68483
List the prime factors of 60454344.
2, 3, 53, 47527
What are the prime factors of 3281671937?
3281671937
What are the prime factors of 13179160?
2, 5, 19, 17341
List the prime factors of 2120368187.
7, 1423, 212867
What are the prime factors of 57631687?
907, 63541
What are the prime factors of 1753207080?
2, 3, 5, 14610059
List the prime factors of 68901365.
5, 13, 1060021
List the prime factors of 77298906.
2, 3, 23, 560137
List the prime factors of 63664463.
3253, 19571
List the prime factors of 91314772.
2, 59, 386927
List the prime factors of 5988122316.
2, 3, 11, 31, 83, 653
List the prime factors of 8141370774.
2, 3, 71, 601, 31799
What are the prime factors of 392290398?
2, 3, 7264637
What are the prime factors of 1416903842?
2, 3659, 193619
List the prime factors of 842784166.
2, 7, 31, 47, 79, 523
What are the prime factors of 2311870?
2, 5, 11, 21017
What are the prime factors of 35536301?
35536301
What are the prime factors of 16222705?
5, 23, 141067
What are the prime factors of 63200710?
2, 5, 6320071
List the prime factors of 196749875.
5, 7, 71, 3167
List the prime factors of 885860703.
3, 7, 13, 1081637
What are the prime factors of 371043278?
2, 31, 5984569
List the prime factors of 32666717.
32666717
What are the prime factors of 21655983?
3, 7218661
List the prime factors of 1390096652.
2, 7, 103, 181, 2663
What are the prime factors of 253617671?
253617671
List the prime factors of 3722122921.
11, 338374811
List the prime factors of 52584646.
2, 331, 79433
What are the prime factors of 89826930?
2, 3, 5, 998077
What are the prime factors of 1215056077?
181, 6713017
List the prime factors of 1112463007.
1112463007
List the prime factors of 18649386.
2, 3, 7, 103, 479
What are the prime factors of 151175858?
2, 37, 97, 21061
What are the prime factors of 1191733145?
5, 238346629
What are the prime factors of 29470687?
67, 439861
List the prime factors of 1407984185.
5, 797, 353321
List the prime factors of 1896514454.
2, 163, 691, 8419
List the prime factors of 2295022.
2, 1147511
What are the prime factors of 55953978?
2, 3, 67, 181, 769
List the prime factors of 2408746208.
2, 11, 23, 297523
List the prime factors of 3447450726.
2, 3, 23, 24981527
What are the prime factors of 47779160?
2, 5, 11, 13, 8353
List the prime factors of 448369719.
3, 7, 227, 94057
What are the prime factors of 842632181?
842632181
What are the prime factors of 525509292?
2, 3, 7, 11, 149, 347
List the prime factors of 3354381649.
3354381649
List the prime factors of 2220844.
2, 47, 11813
List the prime factors of 102308293.
19, 37, 145531
List the prime factors of 815534243.
607, 1343549
List the prime factors of 7648720382.
2, 3824360191
What are the prime factors of 136305400?
2, 5, 7, 11, 53, 167
List the prime factors of 501042197.
37, 13541681
List the prime factors of 190867387.
1229, 155303
What are the prime factors of 917641313?
67, 983, 13933
What are the prime factors of 494146061?
83, 5953567
What are the prime factors of 1164438722?
2, 227, 2564843
List the prime factors of 4932429.
3, 1644143
List the prime factors of 33682576.
2, 17, 123833
List the prime factors of 64610414.
2, 11, 2936837
List the prime factors of 7278896569.
7, 167, 691, 9011
What are the prime factors of 408327744?
2, 3, 11, 193337
List the prime factors of 2661896172.
2, 3, 13, 17063437
List the prime factors of 81124959.
3, 27041653
What are the prime factors of 36011451?
3, 7, 1714831
What are the prime factors of 33692908?
2, 31, 43, 71, 89
List the prime factors of 931409578.
2, 11, 109, 233, 1667
What are the prime factors of 4536688813?
43, 457, 230863
What are the prime factors of 58209687?
3, 167, 38729
List the prime factors of 2472188851.
11, 97, 317, 7309
List the prime factors of 2039088303.
3, 7, 19, 81119
What are the prime factors of 38936820?
2, 3, 5, 13, 49919
List the prime factors of 75367825.
5, 13, 231901
What are the prime factors of 33721689?
3, 37, 461, 659
List the prime factors of 448056066.
2, 3, 74676011
List the prime factors of 44271707.
2027, 21841
List the prime factors of 220427740.
2, 5, 13, 19, 44621
What are the prime factors of 36821453?
461, 79873
List the prime factors of 313998398.
2, 7, 17, 1319321
What are the prime factors of 1652906243?
17, 29, 883, 3797
List the prime factors of 37567303.
23, 1633361
List the prime factors of 1917414675.
3, 5, 11, 167, 4639
What are the prime factors of 671108643?
3, 17, 4386331
What are the prime factors of 303758704?
2, 67, 179, 1583
What are the prime factors of 1135502738?
2, 19, 29881651
What are the prime factors of 259393397?
259393397
List the prime factors of 425212992.
2, 3, 738217
List the prime factors of 61215849.
3, 6801761
List the prime factors of 788921456.
2, 49307591
What are the prime factors of 21616945?
5, 7, 17, 47, 773
What are the prime factors of 653219112?
2, 3, 7, 13, 349, 857
List the prime factors of 322041653.
23, 137, 102203
What are the prime factors of 27735375?
3, 5, 73961
List the prime factors of 965543586.
2, 3, 7, 43, 534631
List the prime factors of 69726939.
3, 23242313
What are the prime factors of 17131137?
3, 53, 163, 661
What are the prime factors of 77192147?
4967, 15541
What are the prime factors of 53332771?
43, 139, 8923
What are the prime factors of 807281847?
3, 3617, 24799
List the prime factors of 1830891509.
19, 96362711
What are the prime factors of 109607334?
2, 3, 18267889
What are the prime factors of 212824102?
2, 373, 285287
What are the prime factors of 434031509?
18701, 23209
What are the prime factors of 71229253?
71229253
What are the prime factors of 47562104?
2, 103, 197, 293
What are the prime factors of 121751586?
2, 3, 11, 17, 4019
List the prime factors of 1439519828.
2, 137, 2626861
List the prime factors of 74071840.
2, 5, 269, 1721
What are the prime factors of 3349705177?
7, 13, 17, 2165291
List the prime factors of 594042400.
2, 5, 7, 37, 47, 61
List the prime factors of 3370043.
3370043
What are the prime factors of 97757786?
2, 7, 17, 410747
What are the prime factors of 795300683?
613, 1093, 1187
List the prime factors of 1330762470.
2, 3, 5, 19, 109, 21419
List the prime factors of 266689786.
2, 11, 12122263
List the prime factors of 1529692473.
3, 509897491
List the prime factors of 568087602.
2, 3, 53, 1786439
What are the prime factors of 2680343893?
23, 116536691
What are the prime factors of 59679770?
2, 5, 5967977
What are the prime factors of 195429902?
2, 1747, 55933
What are the prime factors of 157231791?
3, 17470199
List the prime factors of 8590839922.
2, 7, 18121, 33863
What are the prime factors of 5858943385?
5, 1171788677
List the prime factors of 183107138.
2, 109, 571, 1471
What are the prime factors of 44668101?
3, 79, 188473
List the prime factors of 258958301.
7, 37, 283, 3533
What are the prime factors of 72328363?
31, 2333173
What are the prime factors of 26084365?
5, 5216873
What are the prime factors of 445922228?
2, 31, 3596147
List the prime factors of 29614620.
2, 3, 5, 7, 1439
List the prime f